5, 83
List the prime factors of 1502.
2, 751
List the prime factors of 4466.
2, 7, 11, 29
List the prime factors of 5091.
3, 1697
What are the prime factors of 66772?
2, 16693
List the prime factors of 466.
2, 233
List the prime factors of 1085.
5, 7, 31
What are the prime factors of 27196?
2, 13, 523
What are the prime factors of 2520?
2, 3, 5, 7
What are the prime factors of 1668?
2, 3, 139
List the prime factors of 73423.
7, 17, 617
What are the prime factors of 3747?
3, 1249
List the prime factors of 22668.
2, 3, 1889
List the prime factors of 298.
2, 149
List the prime factors of 8489.
13, 653
List the prime factors of 1702.
2, 23, 37
List the prime factors of 12654.
2, 3, 19, 37
List the prime factors of 10528.
2, 7, 47
List the prime factors of 2234.
2, 1117
What are the prime factors of 1375?
5, 11
List the prime factors of 245.
5, 7
List the prime factors of 18518.
2, 47, 197
List the prime factors of 11024.
2, 13, 53
List the prime factors of 19539.
3, 13, 167
List the prime factors of 1479.
3, 17, 29
List the prime factors of 604.
2, 151
What are the prime factors of 14164?
2, 3541
What are the prime factors of 3922?
2, 37, 53
List the prime factors of 2348.
2, 587
List the prime factors of 5780.
2, 5, 17
What are the prime factors of 231?
3, 7, 11
List the prime factors of 101366.
2, 50683
What are the prime factors of 8027?
23, 349
List the prime factors of 424.
2, 53
What are the prime factors of 2466?
2, 3, 137
List the prime factors of 16212.
2, 3, 7, 193
List the prime factors of 214.
2, 107
List the prime factors of 40262.
2, 41, 491
What are the prime factors of 24859?
24859
List the prime factors of 1369.
37
List the prime factors of 8751.
3, 2917
What are the prime factors of 1307?
1307
What are the prime factors of 3460?
2, 5, 173
What are the prime factors of 71772?
2, 3, 5981
What are the prime factors of 10921?
67, 163
List the prime factors of 6651.
3, 739
What are the prime factors of 66053?
13, 5081
List the prime factors of 1090.
2, 5, 109
What are the prime factors of 833?
7, 17
What are the prime factors of 54?
2, 3
List the prime factors of 54108.
2, 3, 167
List the prime factors of 11465.
5, 2293
List the prime factors of 36935.
5, 83, 89
List the prime factors of 6480.
2, 3, 5
List the prime factors of 898.
2, 449
What are the prime factors of 413?
7, 59
List the prime factors of 8050.
2, 5, 7, 23
What are the prime factors of 31522?
2, 15761
List the prime factors of 564.
2, 3, 47
List the prime factors of 240.
2, 3, 5
What are the prime factors of 10512?
2, 3, 73
What are the prime factors of 20096?
2, 157
What are the prime factors of 10562?
2, 5281
List the prime factors of 22707.
3, 29
List the prime factors of 44726.
2, 11, 19, 107
What are the prime factors of 3490?
2, 5, 349
What are the prime factors of 23223?
3, 7741
What are the prime factors of 3848?
2, 13, 37
What are the prime factors of 342?
2, 3, 19
What are the prime factors of 1020?
2, 3, 5, 17
What are the prime factors of 3967?
3967
List the prime factors of 31251.
3, 11, 947
What are the prime factors of 1345?
5, 269
List the prime factors of 4128.
2, 3, 43
What are the prime factors of 3338?
2, 1669
What are the prime factors of 2367?
3, 263
List the prime factors of 6376.
2, 797
What are the prime factors of 2006?
2, 17, 59
List the prime factors of 19138.
2, 7, 1367
What are the prime factors of 1914?
2, 3, 11, 29
List the prime factors of 8238.
2, 3, 1373
List the prime factors of 808.
2, 101
List the prime factors of 20568.
2, 3, 857
What are the prime factors of 17794?
2, 7, 31, 41
What are the prime factors of 1140?
2, 3, 5, 19
List the prime factors of 31859.
31859
List the prime factors of 1758.
2, 3, 293
List the prime factors of 99490.
2, 5, 9949
List the prime factors of 521.
521
List the prime factors of 22708.
2, 7, 811
What are the prime factors of 23095?
5, 31, 149
What are the prime factors of 617?
617
List the prime factors of 1406.
2, 19, 37
List the prime factors of 2234.
2, 1117
What are the prime factors of 1390?
2, 5, 139
List the prime factors of 3174.
2, 3, 23
List the prime factors of 8928.
2, 3, 31
What are the prime factors of 1636?
2, 409
List the prime factors of 527.
17, 31
List the prime factors of 22583.
11, 2053
List the prime factors of 1841.
7, 263
List the prime factors of 758.
2, 379
What are the prime factors of 6976?
2, 109
What are the prime factors of 25233?
3, 13, 647
List the prime factors of 44768.
2, 1399
List the prime factors of 11585.
5, 7, 331
List the prime factors of 818.
2, 409
What are the prime factors of 853?
853
What are the prime factors of 2694?
2, 3, 449
List the prime factors of 2310.
2, 3, 5, 7, 11
List the prime factors of 14335.
5, 47, 61
What are the prime factors of 1722?
2, 3, 7, 41
What are the prime factors of 55?
5, 11
What are the prime factors of 666?
2, 3, 37
List the prime factors of 1078.
2, 7, 11
List the prime factors of 15209.
67, 227
List the prime factors of 5596.
2, 1399
List the prime factors of 1156.
2, 17
List the prime factors of 2627.
37, 71
What are the prime factors of 29754?
2, 3, 19, 29
What are the prime factors of 2665?
5, 13, 41
List the prime factors of 1670.
2, 5, 167
What are the prime factors of 9298?
2, 4649
What are the prime factors of 1586?
2, 13, 61
What are the prime factors of 1443?
3, 13, 37
What are the prime factors of 5296?
2, 331
List the prime factors of 1162.
2, 7, 83
List the prime factors of 5252.
2, 13, 101
What are the prime factors of 34865?
5, 19, 367
What are the prime factors of 9346?
2, 4673
List the prime factors of 3456.
2, 3
What are the prime factors of 42585?
3, 5, 17, 167
What are the prime factors of 24313?
41, 593
List the prime factors of 11223.
3, 29, 43
List the prime factors of 10430.
2, 5, 7, 149
What are the prime factors of 1516?
2, 379
List the prime factors of 50855.
5, 7, 1453
What are the prime factors of 32119?
32119
List the prime factors of 2825.
5, 113
What are the prime factors of 42651?
3, 7, 677
What are the prime factors of 1915?
5, 383
List the prime factors of 27049.
11, 2459
What are the prime factors of 1679?
23, 73
List the prime factors of 384.
2, 3
List the prime factors of 1174.
2, 587
List the prime factors of 643.
643
What are the prime factors of 149926?
2, 7, 10709
List the prime factors of 17422.
2, 31, 281
List the prime factors of 13151.
13151
List the prime factors of 36910.
2, 5, 3691
What are the prime factors of 1910?
2, 5, 191
List the prime factors of 4415.
5, 883
What are the prime factors of 5828?
2, 31, 47
What are the prime factors of 12802?
2, 37, 173
What are the prime factors of 3079?
3079
What are the prime factors of 4447?
4447
What are the prime factors of 127169?
7, 37, 491
What are the prime factors of 2447?
2447
List the prime factors of 45895.
5, 67, 137
What are the prime factors of 1004?
2, 251
What are the prime factors of 1855?
5, 7, 53
List the prime factors of 74031.
3, 24677
List the prime factors of 1191.
3, 397
What are the prime factors of 24500?
2, 5, 7
List the prime factors of 1593.
3, 59
What are the prime factors of 43568?
2, 7, 389
What are the prime factors of 34761?
3, 11587
What are the prime factors of 1919?
19, 101
List the prime factors of 323.
17, 19
List the prime factors of 1056.
2, 3, 11
What are the prime factors of 8175?
3, 5, 109
List the prime factors of 592.
2, 37
List the prime factors of 736.
2, 23
What are the prime factors of 58785?
3, 5, 3919
What are the prime factors of 53665?
5, 10733
List the prime factors of 1951.
1951
What are the prime factors of 447?
3, 149
What are the prime factors of 30853?
30853
List the prime factors of 35913.
3, 11971
List the prime factors of 31109.
13, 2393
List the prime factors of 8426.
2, 11, 383
List the prime factors of 1955.
5, 17, 23
List the prime factors of 68472.
2, 3, 317
List the prime factors of 1396.
2, 349
List the prime factors of 5753.
11, 523
List the prime factors of 316.
2, 79
What are the prime factors of 29614?
2, 13, 17, 67
List the prime factors of 16632.
2, 3, 7, 11
What are the prime factors of 1647?
3, 61
List the prime factors of 11168.
2, 349
What are the prime factors of 11995?
5, 2399
List the prime factors of 182.
2, 7, 13
What are the prime factors of 1499